mon factor of a and 6?
6
Let t = -125 - -1429. Calculate the highest common divisor of 16 and t.
8
Let c be 263/6 - 3/(54/15). What is the highest common divisor of 1 and c?
1
Let d(k) = k**3 - 8*k**2 - 6*k + 7. Suppose -33 = -3*l + 2*y - 7, -36 = -4*l + 2*y. Let t be d(l). Calculate the highest common factor of 21 and t.
21
Let c be 5 + 822/(-162) - 7132/(-54). Calculate the greatest common factor of c and 33.
33
Let q(n) = n**2 - 12*n + 25. Suppose r - 15 = -4*w + 3*w, 0 = 2*w - 5*r + 5. Let o be q(w). What is the greatest common divisor of 35 and o?
5
Let b(s) = 10*s**2 - 2*s - 8. Let a be b(-2). What is the highest common factor of a and 60?
12
Let u = -45 + 50. Suppose -50 = -u*m + 90. What is the greatest common factor of m and 42?
14
Let x(b) = -2*b + 2. Let s be x(0). Suppose -s*w = -7 - 7. Calculate the greatest common divisor of 1 and w.
1
Let t(a) = 12*a + 68. Let k be t(7). Calculate the greatest common factor of 266 and k.
38
Suppose -5*u - 3*c + 7*c = -11331, 6769 = 3*u + 5*c. Suppose -25 - u = -8*q. What is the greatest common divisor of 26 and q?
26
Let v be 0 + -1 + (-20 - -19) + 20. Calculate the highest common divisor of 36 and v.
18
Let r be 8/(((-6)/(-16))/((-45)/(-6))). Calculate the highest common factor of r and 40.
40
Let k(h) = 82*h - 237. Let f be k(3). What is the highest common factor of f and 207?
9
Let p(k) = -54*k - 3. Let l be p(-2). Let t = l - 85. What is the highest common factor of t and 5?
5
Suppose 0 = -2*g + 21 + 9. Let p be (6/5)/((-2)/(-5)). Suppose 2*q - p*q + 20 = 5*f, -5*f = 3*q - 110. What is the greatest common factor of g and q?
15
Let w = 239 - -311. What is the greatest common factor of 88 and w?
22
Let l(i) = -122*i - 8. Let d be l(-3). Suppose -4*h + d = -z + 49, -4*z = 4. Calculate the highest common divisor of h and 7.
7
Suppose 2*z = 29*m - 34*m + 304, -4*m - 2*z = -242. Calculate the highest common factor of m and 186.
62
Let k = -1382 - -1387. What is the greatest common divisor of k and 415?
5
Suppose 90 = 1006*j - 1000*j. What is the greatest common factor of j and 60?
15
Suppose -558 = 2*v - 2170. Calculate the highest common factor of v and 62.
62
Suppose -2*v - 1154 = -4*t, 27 = -4*t - 4*v + 1199. Calculate the greatest common factor of 232 and t.
58
Suppose 13*w - 10*w - 162 = 0. What is the greatest common factor of w and 702?
54
Let x = -2 + 10. Let k(j) = j**2 - 6*j. Suppose 5*w - 3*c = -0*c - 36, -2*w - 5*c = 2. Let a be k(w). What is the greatest common factor of a and x?
8
Let j = -499 - -542. Suppose p + l + l - 377 = 0, -4*p = 3*l - 1533. What is the greatest common divisor of p and j?
43
Suppose -8*u = -3*u - 25. Let v be u + -2 + (-1 - -5). Suppose 150 - 52 = v*i. Calculate the greatest common divisor of i and 56.
14
Suppose -3*i = b, 3*b + 2*b - 2*i = 68. What is the greatest common divisor of b and 16?
4
Suppose -51 + 811 = 10*a. What is the greatest common divisor of a and 20?
4
Let a be (-189)/(-4) - (-2)/(-8). Calculate the greatest common divisor of 141 and a.
47
Let v = 78 - 72. Suppose v*c - 189 = 3*c. Let z be 20 + 0 + -1 - -2. What is the greatest common factor of z and c?
21
Suppose -2*p - 1 = 341. Let y be p/(-36) + (-1)/(-4). Let q = y - -14. What is the highest common factor of q and 38?
19
Suppose -3*y + 180 = 3*f, y + 5*f - 53 - 3 = 0. What is the greatest common divisor of y and 488?
61
Let p be (-5 - -24) + 1/(-2)*-2. Suppose 5*l + p = 10*l. Calculate the greatest common divisor of l and 44.
4
Suppose 495 = -121*h + 130*h. Calculate the greatest common divisor of h and 35.
5
Suppose -g = -7*f + 2*f - 16, 3*g + 3*f = 66. Let j be (-4352)/(-204) + (-2)/6. Calculate the greatest common divisor of j and g.
21
Let m be (-1)/(-3 + -1 + 5). Let q be (-34)/m*(-5)/(-2). Let a be (-2)/10 + 527/q. Calculate the highest common factor of a and 12.
6
Let y be ((-16)/(-5))/(6/270). Calculate the highest common divisor of y and 9.
9
Let b be (-28 - 3)/((-3)/12). Let p = 224 - b. Calculate the highest common factor of 25 and p.
25
Let u(i) = 2*i**3 - 7*i**2 - 12*i + 34. Let y be u(4). Suppose 272 = 5*q - 238. Suppose 0 = 5*p - q + 12. What is the greatest common divisor of p and y?
2
Suppose b + 3*b + 6130 = 2*x, -2*x = -2*b - 6140. What is the greatest common divisor of 123 and x?
123
Let w(o) = -12*o - 9. Let t be w(-6). Let n(a) = -7*a**2 - 2*a - 9. Let g be n(-3). Let v = g + 87. What is the greatest common factor of v and t?
21
Let q = 37 - 34. Suppose -x + 155 = q*l, -l - 2*l + 3*x = -147. Suppose -3*y + l = 21. Calculate the highest common factor of y and 10.
10
Let j(l) = 38*l - 14. Let b be j(-9). Let w be b/(-6) + (-8)/(-12). Calculate the greatest common divisor of w and 40.
20
Let z(o) = 13*o**2 + o. Let r be z(2). Suppose 2*g = 24 - 14. Suppose -2*k + 0*h + h = -9, 0 = -g*k - 4*h + 42. Calculate the highest common divisor of r and k.
6
Let l be (7/2 + -4)*58. Let p = l + 33. What is the greatest common factor of 2 and p?
2
Suppose 0 = 2*f - 5*p - 64, -f - 4*p + p = -54. Suppose f = 3*k - 3. Let h be (-9 - 1)/(-2) + 1. What is the greatest common divisor of h and k?
3
Let i(c) = 14*c + 3*c + 2 - 3. Let f(k) = k**3 + 13*k**2 + 12*k + 1. Let j be f(-12). Let v be i(j). What is the highest common factor of v and 8?
8
Let k be 4 + ((-534)/(-18) - (-8)/(-12)). Let b(r) = r**2 - 5*r - 2. Let v be b(8). Calculate the highest common divisor of v and k.
11
Let q be (2/(-27)*-9)/((-1)/(-81)). Suppose -3*n + 4*g + 624 = 0, 5*g + 154 = n - q. What is the greatest common factor of 16 and n?
16
Let s(n) = -4*n + 16. Let p be s(7). Let c = p - -13. Let f(t) = 89*t**2 + 2*t - 1. Let u be f(c). Calculate the greatest common factor of u and 10.
10
Suppose p + 0*p = 4. Suppose -p*l = -h - 8, 2*h + h - 2*l - 16 = 0. What is the highest common divisor of 32 and h?
8
Suppose -3*m + 2*g = -0*m - 3, -5*m = -5*g - 5. Let d be m/(-1)*(-72 + 6). What is the highest common factor of 33 and d?
33
Suppose 375 = -8*m - 385. Let r = m - -104. Calculate the greatest common divisor of r and 36.
9
Suppose 6*f = -0*f - 12. Let d = 2 - 1. Let n be d - -17*(-2)/f. Calculate the highest common divisor of n and 45.
9
Let n = -40 + 46. Suppose -3*o - l = -99, -2*l + 6*l = 5*o - 165. Calculate the greatest common factor of n and o.
3
Let h(s) = 19*s - 549. Let o be h(29). Let c = 1 - 0. Calculate the highest common divisor of o and c.
1
Let p(g) = -4*g + 37. Let n be p(3). What is the greatest common factor of 275 and n?
25
Suppose 4*l - 28 = -4*n, 11 = 3*n + 5*l - 6. Calculate the highest common factor of 423 and n.
9
Let u be (-4)/14 + 1691/(-133). Let k = 97 - u. What is the highest common factor of 44 and k?
22
Suppose -47 = -5*t + 83. Calculate the highest common factor of t and 4.
2
Let g = 169 - 163. Let p = 49 - 1. Calculate the greatest common divisor of g and p.
6
Let c be 1043/5 - 8/(-20). Suppose 0*k - 52 = -k. Suppose u - 6*u + 120 = 5*t, -k = -3*u + t. Calculate the highest common factor of u and c.
19
Let j be 6*(-2)/(-8) - 132/(-8). Suppose -s + j = s. What is the highest common divisor of 12 and s?
3
Suppose 375 = 2*g - 111. Let l = -171 + g. What is the greatest common divisor of 18 and l?
18
Suppose -3*y + 260 = 5*f, 88*y = -5*f + 92*y + 225. What is the highest common divisor of 1568 and f?
49
Let r(u) = -u**3 + 7*u**2 + u - 3. Let o be (-3)/6 + (-60)/(-8). Let l be r(o). What is the highest common factor of 8 and l?
4
Let a(c) = -76*c + 13. Let g be a(-7). Suppose -4*r + g = 4*t + t, -320 = -3*t - r. Suppose -q = -6*q + 105. Calculate the highest common divisor of t and q.
21
Let h be 6/15 + 6471/30 + (-6)/60. Let o be (6/(-4))/3*72. Let x = o + 60. What is the greatest common factor of h and x?
24
Let z be ((-6)/(-15) + -1)*-5. Suppose -6*m + z*m = 5*o - 740, 4*m + 592 = 4*o. Calculate the highest common factor of 37 and o.
37
Let u = -2472 + 2493. Suppose 0 = n + 1 + 2, -27 = -d + 2*n. Calculate the highest common factor of u and d.
21
Suppose -48*t + 49*t - 79 = -3*x, -5 = -5*t. What is the highest common factor of x and 1222?
26
Let n(g) = 2*g + g**2 - 4*g + g + 2 + 5. Let y be n(0). Suppose 4*u = -0*u + 4*i + 220, 3 = 3*i. Calculate the greatest common factor of y and u.
7
Suppose 5*w - 494 = -u, 5*w + 9*u = 5*u + 491. Let n be (-6)/(-30) + (-88)/(-10). Calculate the hi